{"id":20,"date":"2019-04-23T23:47:25","date_gmt":"2019-04-23T21:47:25","guid":{"rendered":"http:\/\/week-end-en-amoureux-jacuzzi.fr\/?page_id=20"},"modified":"2021-02-14T20:05:03","modified_gmt":"2021-02-14T19:05:03","slug":"les-appartements","status":"publish","type":"page","link":"https:\/\/week-end-en-amoureux-jacuzzi.fr\/index.php\/les-appartements\/","title":{"rendered":"Les Appartements"},"content":{"rendered":"<p><iframe loading=\"lazy\" src=\"https:\/\/beds24.com\/booking2.php?propid=125992&amp;numadult=2&amp;referer=iframe\" style=\"max-width:100%;border:none;overflow:auto;\" width=\"800\" height=\"2000\"><\/p>\n<p><a href=\"https:\/\/beds24.com\/booking2.php?propid=125992&amp;referer=iframe\" title=\"Book Now\">Book Now<\/a><\/p>\n<p><\/iframe><\/p>\n","protected":false},"excerpt":{"rendered":"","protected":false},"author":1,"featured_media":0,"parent":0,"menu_order":3,"comment_status":"closed","ping_status":"closed","template":"","meta":{"footnotes":""},"class_list":["post-20","page","type-page","status-publish","hentry"],"yoast_head":"<!-- This site is optimized with the Yoast SEO plugin v27.4 - https:\/\/yoast.com\/product\/yoast-seo-wordpress\/ -->\n<title>Les Appartements - Les Suites F\u00e9nelon, Love and Spa<\/title>\n<meta name=\"description\" content=\"Votre suite de luxe tout \u00e9quip\u00e9e. Nos appartements comprennent une baln\u00e9o, cuisine \u00e9quip\u00e9e, grande t\u00e9l\u00e9, lit h\u00f4telier et tout le confort moderne.\" \/>\n<meta name=\"robots\" content=\"index, follow, max-snippet:-1, max-image-preview:large, max-video-preview:-1\" \/>\n<link rel=\"canonical\" href=\"https:\/\/week-end-en-amoureux-jacuzzi.fr\/index.php\/les-appartements\/\" \/>\n<meta property=\"og:locale\" content=\"fr_FR\" \/>\n<meta property=\"og:type\" content=\"article\" \/>\n<meta property=\"og:title\" content=\"Les Appartements - Les Suites F\u00e9nelon, Love and Spa\" \/>\n<meta property=\"og:description\" content=\"Votre suite de luxe tout \u00e9quip\u00e9e. Nos appartements comprennent une baln\u00e9o, cuisine \u00e9quip\u00e9e, grande t\u00e9l\u00e9, lit h\u00f4telier et tout le confort moderne.\" \/>\n<meta property=\"og:url\" content=\"https:\/\/week-end-en-amoureux-jacuzzi.fr\/index.php\/les-appartements\/\" \/>\n<meta property=\"og:site_name\" content=\"Les Suites F\u00e9nelon, Love and Spa\" \/>\n<meta property=\"article:modified_time\" content=\"2021-02-14T19:05:03+00:00\" \/>\n<meta name=\"twitter:card\" content=\"summary_large_image\" \/>\n<meta name=\"twitter:label1\" content=\"Dur\u00e9e de lecture estim\u00e9e\" \/>\n\t<meta name=\"twitter:data1\" content=\"1 minute\" \/>\n<script type=\"application\/ld+json\" class=\"yoast-schema-graph\">{\"@context\":\"https:\\\/\\\/schema.org\",\"@graph\":[{\"@type\":\"WebPage\",\"@id\":\"https:\\\/\\\/week-end-en-amoureux-jacuzzi.fr\\\/index.php\\\/les-appartements\\\/\",\"url\":\"https:\\\/\\\/week-end-en-amoureux-jacuzzi.fr\\\/index.php\\\/les-appartements\\\/\",\"name\":\"Les Appartements - Les Suites F\u00e9nelon, Love and Spa\",\"isPartOf\":{\"@id\":\"https:\\\/\\\/week-end-en-amoureux-jacuzzi.fr\\\/#website\"},\"datePublished\":\"2019-04-23T21:47:25+00:00\",\"dateModified\":\"2021-02-14T19:05:03+00:00\",\"description\":\"Votre suite de luxe tout \u00e9quip\u00e9e. Nos appartements comprennent une baln\u00e9o, cuisine \u00e9quip\u00e9e, grande t\u00e9l\u00e9, lit h\u00f4telier et tout le confort moderne.\",\"breadcrumb\":{\"@id\":\"https:\\\/\\\/week-end-en-amoureux-jacuzzi.fr\\\/index.php\\\/les-appartements\\\/#breadcrumb\"},\"inLanguage\":\"fr-FR\",\"potentialAction\":[{\"@type\":\"ReadAction\",\"target\":[\"https:\\\/\\\/week-end-en-amoureux-jacuzzi.fr\\\/index.php\\\/les-appartements\\\/\"]}]},{\"@type\":\"BreadcrumbList\",\"@id\":\"https:\\\/\\\/week-end-en-amoureux-jacuzzi.fr\\\/index.php\\\/les-appartements\\\/#breadcrumb\",\"itemListElement\":[{\"@type\":\"ListItem\",\"position\":1,\"name\":\"Accueil\",\"item\":\"https:\\\/\\\/week-end-en-amoureux-jacuzzi.fr\\\/\"},{\"@type\":\"ListItem\",\"position\":2,\"name\":\"Les Appartements\"}]},{\"@type\":\"WebSite\",\"@id\":\"https:\\\/\\\/week-end-en-amoureux-jacuzzi.fr\\\/#website\",\"url\":\"https:\\\/\\\/week-end-en-amoureux-jacuzzi.fr\\\/\",\"name\":\"Les Suites F\u00e9nelon, Love and Spa\",\"description\":\"Weekend en amoureux dans le NORD \",\"publisher\":{\"@id\":\"https:\\\/\\\/week-end-en-amoureux-jacuzzi.fr\\\/#\\\/schema\\\/person\\\/f4e8bd1854be134a6ac5b8dfb5c14e2d\"},\"potentialAction\":[{\"@type\":\"SearchAction\",\"target\":{\"@type\":\"EntryPoint\",\"urlTemplate\":\"https:\\\/\\\/week-end-en-amoureux-jacuzzi.fr\\\/?s={search_term_string}\"},\"query-input\":{\"@type\":\"PropertyValueSpecification\",\"valueRequired\":true,\"valueName\":\"search_term_string\"}}],\"inLanguage\":\"fr-FR\"},{\"@type\":[\"Person\",\"Organization\"],\"@id\":\"https:\\\/\\\/week-end-en-amoureux-jacuzzi.fr\\\/#\\\/schema\\\/person\\\/f4e8bd1854be134a6ac5b8dfb5c14e2d\",\"name\":\"admin3190\",\"image\":{\"@type\":\"ImageObject\",\"inLanguage\":\"fr-FR\",\"@id\":\"https:\\\/\\\/week-end-en-amoureux-jacuzzi.fr\\\/wp-content\\\/uploads\\\/2019\\\/08\\\/Logo-Les-Suites-Fenelon-weekend-en-amoureux-59.png\",\"url\":\"https:\\\/\\\/week-end-en-amoureux-jacuzzi.fr\\\/wp-content\\\/uploads\\\/2019\\\/08\\\/Logo-Les-Suites-Fenelon-weekend-en-amoureux-59.png\",\"contentUrl\":\"https:\\\/\\\/week-end-en-amoureux-jacuzzi.fr\\\/wp-content\\\/uploads\\\/2019\\\/08\\\/Logo-Les-Suites-Fenelon-weekend-en-amoureux-59.png\",\"width\":196,\"height\":150,\"caption\":\"admin3190\"},\"logo\":{\"@id\":\"https:\\\/\\\/week-end-en-amoureux-jacuzzi.fr\\\/wp-content\\\/uploads\\\/2019\\\/08\\\/Logo-Les-Suites-Fenelon-weekend-en-amoureux-59.png\"}}]}<\/script>\n<!-- \/ Yoast SEO plugin. -->","yoast_head_json":{"title":"Les Appartements - Les Suites F\u00e9nelon, Love and Spa","description":"Votre suite de luxe tout \u00e9quip\u00e9e. Nos appartements comprennent une baln\u00e9o, cuisine \u00e9quip\u00e9e, grande t\u00e9l\u00e9, lit h\u00f4telier et tout le confort moderne.","robots":{"index":"index","follow":"follow","max-snippet":"max-snippet:-1","max-image-preview":"max-image-preview:large","max-video-preview":"max-video-preview:-1"},"canonical":"https:\/\/week-end-en-amoureux-jacuzzi.fr\/index.php\/les-appartements\/","og_locale":"fr_FR","og_type":"article","og_title":"Les Appartements - Les Suites F\u00e9nelon, Love and Spa","og_description":"Votre suite de luxe tout \u00e9quip\u00e9e. Nos appartements comprennent une baln\u00e9o, cuisine \u00e9quip\u00e9e, grande t\u00e9l\u00e9, lit h\u00f4telier et tout le confort moderne.","og_url":"https:\/\/week-end-en-amoureux-jacuzzi.fr\/index.php\/les-appartements\/","og_site_name":"Les Suites F\u00e9nelon, Love and Spa","article_modified_time":"2021-02-14T19:05:03+00:00","twitter_card":"summary_large_image","twitter_misc":{"Dur\u00e9e de lecture estim\u00e9e":"1 minute"},"schema":{"@context":"https:\/\/schema.org","@graph":[{"@type":"WebPage","@id":"https:\/\/week-end-en-amoureux-jacuzzi.fr\/index.php\/les-appartements\/","url":"https:\/\/week-end-en-amoureux-jacuzzi.fr\/index.php\/les-appartements\/","name":"Les Appartements - Les Suites F\u00e9nelon, Love and Spa","isPartOf":{"@id":"https:\/\/week-end-en-amoureux-jacuzzi.fr\/#website"},"datePublished":"2019-04-23T21:47:25+00:00","dateModified":"2021-02-14T19:05:03+00:00","description":"Votre suite de luxe tout \u00e9quip\u00e9e. Nos appartements comprennent une baln\u00e9o, cuisine \u00e9quip\u00e9e, grande t\u00e9l\u00e9, lit h\u00f4telier et tout le confort moderne.","breadcrumb":{"@id":"https:\/\/week-end-en-amoureux-jacuzzi.fr\/index.php\/les-appartements\/#breadcrumb"},"inLanguage":"fr-FR","potentialAction":[{"@type":"ReadAction","target":["https:\/\/week-end-en-amoureux-jacuzzi.fr\/index.php\/les-appartements\/"]}]},{"@type":"BreadcrumbList","@id":"https:\/\/week-end-en-amoureux-jacuzzi.fr\/index.php\/les-appartements\/#breadcrumb","itemListElement":[{"@type":"ListItem","position":1,"name":"Accueil","item":"https:\/\/week-end-en-amoureux-jacuzzi.fr\/"},{"@type":"ListItem","position":2,"name":"Les Appartements"}]},{"@type":"WebSite","@id":"https:\/\/week-end-en-amoureux-jacuzzi.fr\/#website","url":"https:\/\/week-end-en-amoureux-jacuzzi.fr\/","name":"Les Suites F\u00e9nelon, Love and Spa","description":"Weekend en amoureux dans le NORD ","publisher":{"@id":"https:\/\/week-end-en-amoureux-jacuzzi.fr\/#\/schema\/person\/f4e8bd1854be134a6ac5b8dfb5c14e2d"},"potentialAction":[{"@type":"SearchAction","target":{"@type":"EntryPoint","urlTemplate":"https:\/\/week-end-en-amoureux-jacuzzi.fr\/?s={search_term_string}"},"query-input":{"@type":"PropertyValueSpecification","valueRequired":true,"valueName":"search_term_string"}}],"inLanguage":"fr-FR"},{"@type":["Person","Organization"],"@id":"https:\/\/week-end-en-amoureux-jacuzzi.fr\/#\/schema\/person\/f4e8bd1854be134a6ac5b8dfb5c14e2d","name":"admin3190","image":{"@type":"ImageObject","inLanguage":"fr-FR","@id":"https:\/\/week-end-en-amoureux-jacuzzi.fr\/wp-content\/uploads\/2019\/08\/Logo-Les-Suites-Fenelon-weekend-en-amoureux-59.png","url":"https:\/\/week-end-en-amoureux-jacuzzi.fr\/wp-content\/uploads\/2019\/08\/Logo-Les-Suites-Fenelon-weekend-en-amoureux-59.png","contentUrl":"https:\/\/week-end-en-amoureux-jacuzzi.fr\/wp-content\/uploads\/2019\/08\/Logo-Les-Suites-Fenelon-weekend-en-amoureux-59.png","width":196,"height":150,"caption":"admin3190"},"logo":{"@id":"https:\/\/week-end-en-amoureux-jacuzzi.fr\/wp-content\/uploads\/2019\/08\/Logo-Les-Suites-Fenelon-weekend-en-amoureux-59.png"}}]}},"_links":{"self":[{"href":"https:\/\/week-end-en-amoureux-jacuzzi.fr\/index.php\/wp-json\/wp\/v2\/pages\/20","targetHints":{"allow":["GET"]}}],"collection":[{"href":"https:\/\/week-end-en-amoureux-jacuzzi.fr\/index.php\/wp-json\/wp\/v2\/pages"}],"about":[{"href":"https:\/\/week-end-en-amoureux-jacuzzi.fr\/index.php\/wp-json\/wp\/v2\/types\/page"}],"author":[{"embeddable":true,"href":"https:\/\/week-end-en-amoureux-jacuzzi.fr\/index.php\/wp-json\/wp\/v2\/users\/1"}],"replies":[{"embeddable":true,"href":"https:\/\/week-end-en-amoureux-jacuzzi.fr\/index.php\/wp-json\/wp\/v2\/comments?post=20"}],"version-history":[{"count":9,"href":"https:\/\/week-end-en-amoureux-jacuzzi.fr\/index.php\/wp-json\/wp\/v2\/pages\/20\/revisions"}],"predecessor-version":[{"id":217,"href":"https:\/\/week-end-en-amoureux-jacuzzi.fr\/index.php\/wp-json\/wp\/v2\/pages\/20\/revisions\/217"}],"wp:attachment":[{"href":"https:\/\/week-end-en-amoureux-jacuzzi.fr\/index.php\/wp-json\/wp\/v2\/media?parent=20"}],"curies":[{"name":"wp","href":"https:\/\/api.w.org\/{rel}","templated":true}]}}